 common divisor of 4 and r.
2
Let d = -3848 + 6947. What is the highest common divisor of 3 and d?
3
Let r = 270 + -240. Suppose 0 = 5*i + 4*s + r - 139, -41 = -2*i + s. Calculate the highest common factor of i and 63.
21
Let v be ((-45)/75)/(1/(-5)). Suppose v*a - 2*i - 104 = 0, -5*a + 5*i = -27 - 143. Calculate the greatest common factor of a and 468.
36
Let w(r) = 2*r**2 + 4*r + 2. Let n be w(-2). Suppose -5*m = 4*j - 92, -j - n*j + 64 = 5*m. Suppose a - 4 = j. What is the greatest common factor of 8 and a?
8
Suppose 65*x = 7*x + 7081 + 25109. What is the highest common divisor of 2109 and x?
111
Suppose 18*n = 6*n + 60. Suppose -2*y = n*v - 136, -4*y - 90 = -3*v - 8*y. Calculate the highest common divisor of v and 52.
26
Suppose 55*v + 57*v - 46*v - 51744 = 0. Calculate the greatest common divisor of v and 3248.
112
Suppose -8*x - x + 5*x = 0. Suppose -5*n + 3*p + 107 = x, -3*n - 3*p + 26 + 19 = 0. What is the greatest common divisor of 437 and n?
19
Let y be (2/(4*-2))/(8/(-32)). Suppose -y = 3*o - 10. Suppose 4*t - 178 = -2*i, -5*i - o*t - t + 421 = 0. What is the greatest common divisor of i and 9?
9
Suppose -48*t - 698 = -4826. What is the highest common factor of 387 and t?
43
Let u(b) = 208*b**2 - 71*b - 185. Let i be u(-2). What is the highest common factor of 16832 and i?
263
Suppose -6*m - 3*m + 11826 = 0. Suppose 1080 = 4*n - 2*j, -4*n + 5*j + m = 234. Calculate the highest common factor of 108 and n.
54
Let j(v) = v**3 + 6*v**2 - 11*v + 18. Let u = 59 + -66. Let s be j(u). What is the highest common factor of 368 and s?
46
Let m = 2410 - 2403. Calculate the greatest common factor of m and 3780.
7
Let y be 4/((-72)/(-9)) - 1558/(-4). Calculate the highest common divisor of y and 468.
78
Let x be (32/10)/(44/110). Let m be x/(-20) + 501/15. Calculate the greatest common divisor of m and 33.
33
Let s = 553 - 258. Let k = s + -275. Calculate the highest common factor of k and 30.
10
Let n = 157 + 1187. Suppose n = -22*u + 64*u. What is the highest common factor of 464 and u?
16
Let v = -5780 + 5810. Suppose -k + y = 0, 3*y = -5*k + 2*k + 12. Suppose 4*g + 8 = -2*n, -k*n - 3*n + 5*g = -55. What is the greatest common divisor of v and n?
6
Let c be 10/95 + 93/19. Suppose 2*a - 4*a - 848 = -z, -2121 = c*a - 3*z. Let u = -270 - a. What is the greatest common divisor of u and 9?
9
Let k(a) = -a**2 + 26*a + 503. Let q be k(36). Calculate the highest common divisor of q and 7293.
143
Let w = 358 - 272. Suppose 54 = 14*s - w. What is the greatest common factor of s and 80?
10
Let x = 146 + 41. Let s = -16 + 36. Suppose 4*z = s, 4*y + 0*y = -5*z + 93. Calculate the greatest common divisor of y and x.
17
Let c be 4/(-1) + (33 - (-1 - 10)). Calculate the greatest common divisor of 1864 and c.
8
Suppose 4*p = -5*o + 86, -2*p + 39 + 11 = -o. What is the highest common divisor of 1788 and p?
12
Let x = 1 + -1. Suppose 105*s - 49*s - 1120 = 0. Let y be -1 + x - (s/(-5) - 15). Calculate the greatest common factor of y and 36.
18
Let i be 0/((-1 - -8) + -9). Suppose i = -56*q + 45*q + 88. Let l = -4 - -12. What is the greatest common divisor of l and q?
8
Let f(d) = 0*d - 74 + 24 - 19*d + d - 89. Let q be f(-19). What is the highest common factor of q and 29?
29
Let f = 1603 + -1552. What is the highest common divisor of f and 21?
3
Suppose -3*n - n = -12. Let d be n + 9*3/1. Let u be (-60)/180*(-1 + 29/(-1)). Calculate the highest common factor of u and d.
10
Suppose 18*k - 578 = 97*k - 5476. Calculate the highest common factor of 5766 and k.
62
Let q(m) = 803*m - 1485. Let b be q(25). Calculate the greatest common factor of 110 and b.
110
Let c be 3 - ((-388)/32 - (-1)/8). Let j(f) = 2*f**3 + f**2 + 2*f. Let v be j(5). Calculate the highest common factor of v and c.
15
Let d be 3/5 + (-7506)/(-90). Let v be 1 + d - (2 - (14 + -13)). Calculate the highest common divisor of 70 and v.
14
Suppose 0 = 5*t - z - 4*z - 100, 4*z - 80 = -4*t. Let b = 1299 - 2019. Let j be b/t*10/(-8). What is the greatest common factor of j and 9?
9
Let r(z) = -391*z - 281. Let g be r(-11). What is the greatest common divisor of 30 and g?
30
Suppose -12*g - 14 = -19*g. Suppose g*b - 1654 = -5*x, -x - 13*b = -9*b - 338. What is the greatest common divisor of 90 and x?
30
Let q be (-4 - (-618)/10)/(2/10). Calculate the highest common divisor of 1751 and q.
17
Let f(v) = -v**3 - 7*v**2 + 10*v + 5. Let d be f(-8). Let p(i) = i + 15. Let y be p(d). What is the greatest common divisor of y and 4?
4
Let w = 743 - -553. Suppose 17*p - w = -p. Calculate the greatest common divisor of 180 and p.
36
Let f be (-3)/(-6)*(-1 - -337). Suppose 6*v - 52*v + 1266 + 22 = 0. Calculate the greatest common factor of v and f.
28
Suppose 32 = -0*l + 2*l. Suppose l*p + 346 = 18*p. Suppose 43 = -5*n + p. What is the greatest common divisor of n and 13?
13
Let k be 4/(-18) + (-3040)/(-72). Suppose -3*n - 46 = -502. Let x = n - k. What is the greatest common divisor of x and 44?
22
Let o(m) = 30*m + 291. Let c be o(0). Calculate the greatest common factor of 1552 and c.
97
Let t(y) = 2*y**2 + 25*y + 3. Let p be t(-11). Let f be (-4 - 132/p) + 202/(-5). Let u = f + 61. Calculate the greatest common divisor of u and 105.
21
Let k = 336 - 350. Let j be (-1 + 3 + k)*(-224)/128. Calculate the highest common factor of j and 119.
7
Let p(s) be the first derivative of s**3 + 21*s**2/2 - 117*s + 172. Let n be p(13). What is the greatest common factor of n and 51?
51
Suppose 3*u = 4*a - 0*a + 487, -2*a = u - 169. What is the highest common factor of 9735 and u?
165
Let a(u) = 18*u + 71. Let r be a(9). Let v = 463 - r. Calculate the highest common divisor of 46 and v.
46
Let p be ((-28392)/9)/(-7) + 2/(-3). What is the greatest common factor of p and 11925?
225
Let o be ((-78)/234)/((-1)/1236). Calculate the greatest common factor of o and 515.
103
Let i be (220*6/18 - -2)/((-52)/(-7410)). What is the highest common factor of i and 95?
95
Let c = -1885 - -1932. Suppose 4*j = 11*j - 2303. Calculate the greatest common divisor of c and j.
47
Let h(c) = 2*c**3 - 11*c**2 + 4*c - 29. Let i be (-24)/8 + -12*4/(-4). Let j be h(i). Calculate the greatest common divisor of j and 28.
14
Let g be 3 + 4/(20/55). Suppose 11*z = 16*z - 3*o - 50, -3*z + 5*o + 46 = 0. What is the greatest common factor of z and g?
7
Suppose 69*m - 72*m + 4*k = -59861, -3*m + k = -59864. Calculate the greatest common divisor of 65 and m.
65
Suppose -3*f - 7 = 5, -3*n + 5*f = -20. Suppose n = 12*c - c - 66. Let t be c/18 - 321/(-9). What is the highest common factor of t and 9?
9
Let h(y) = y**3 - 5*y**2 - 28*y - 12. Let o be h(12). Calculate the greatest common divisor of 16060 and o.
220
Suppose 23*c - 57*c = -30940. Calculate the greatest common divisor of c and 2660.
70
Suppose -10*r = -12*r + 310. Let s = r + -143. Suppose -5*u + 72 = -3*t, -u + 3*t = 4*t - 8. Calculate the highest common divisor of u and s.
12
Let g = 463 + -447. Suppose -2*z = -4*d + 482, 2*z - g = -18. Calculate the highest common factor of 15 and d.
15
Let i be 16/3*(5 - 2). Suppose -5*o + r = -1292, -1744 = 39*o - 46*o - 4*r. Calculate the highest common divisor of o and i.
16
Let s be (-9)/6*(789/(-9) + -3). Suppose -5 - 7 = 4*k. Let l be (68/6)/((-2)/k). Calculate the highest common divisor of l and s.
17
Let d = 20 + -38. Let n = d + 80. Let c(j) = 138*j + 1411. Let a be c(-10). What is the highest common divisor of n and a?
31
Let p(b) = -b - 4. Let y be p(0). Let n = -13517 - -13477. Let c be ((-22)/(-5))/(y/n). What is the highest common factor of c and 4?
4
Let y be -9 + -1 + 7898 + 3. What is the greatest common divisor of y and 13?
13
Suppose 0 = 6*m - 4*m + 1338. Let w = -653 - m. Calculate the greatest common divisor of w and 752.
16
Let j(i) = -85 + i - 9*i + 14*i - 2*i. Let y be j(24). Calculate the highest common divisor of y and 297.
11
Suppose 0 = 474*n - 496*n + 46464. What is the highest common factor of 66 and n?
66
Let m = -4234 - -9176. What is the greatest common divisor of 28 and m?
14
Suppose 5*f - 3*k - 1068 = 0, -1402 = 12*f - 3*k - 3982. What is the greatest common factor of 1800 and f?
72
Let o be -10*(8 + -5)/6. Let u be 2 + 6 + 2 + o. Let z = 1 - 0. What is the greatest common divisor of z and u?
1
Let d be 9/(-18)*-8 - -16. Suppose 0